Give a(-2).
4
Let k(w) = 23 + 25*w + 20 - 34*w + 16. Determine k(7).
-4
Let z(i) = -2*i + 1. Let j(p) = -p - 3. Let t be j(-5). Suppose t*n - o - 21 = -4*o, 3*n - o = 4. Suppose -g + n - 5 = 0. What is z(g)?
5
Let d(g) = -2*g**2 + g. Let h = -8 + 13. Suppose j = 4*j + 5*m - 12, -4*j = h*m - 16. Suppose -16 = -j*v - 4*s, v = -0*v + s. Determine d(v).
-6
Suppose -4*m = -9*m. Let f(c) = 13*c**2 + 2*c + 1. Let p be f(-1). Let g(i) = p + 7 - 2 - i. Determine g(m).
17
Let j(k) = -k**3 + 6*k**2 + 6. Suppose -9 + 53 = -4*n. Let v be (-2)/n + (1 - 53/(-11)). Determine j(v).
6
Let y be 132/231*(7 + 0). Let m(k) = -4*k + 4. Let w(o) = -7*o + 8. Let b(l) = 5*m(l) - 3*w(l). What is b(y)?
0
Let o(r) be the first derivative of r**4/4 + 2*r**3/3 - r**2 + 4*r - 11. Calculate o(-3).
1
Let k(j) = j**3 - j**2 + 2*j + 1. Let b be -1 + 3 - 4/(-2). Suppose 2 - 10 = -b*n. Give k(n).
9
Let w(r) = 13*r**3 - 3*r**3 - 6*r**3 - r**2 + 0*r**3 - 3*r**3 - 5*r. Calculate w(4).
28
Let h(v) = v**3 - 5*v**2 + v + 1. Let f be (-8)/32 - (-18)/8. Suppose f*d = -2*d + 20. Let q(u) = u**3 - 5*u**2 + 2*u - 5. Let w be q(d). What is h(w)?
6
Suppose -279 = -9*y - 234. Let k(p) = p**2 - 3*p + 6. Give k(y).
16
Suppose 35*d + 521 - 556 = 0. Let u(c) = -3*c**2 + 4*c - 4. What is u(d)?
-3
Let a(l) be the second derivative of l**5/20 - 29*l**4/12 - 61*l**3/6 - 21*l**2/2 + 11*l. Let v be a(31). Let s(m) = -m**2 + 11*m - 15. Determine s(v).
-5
Let r = -15 - -18. Suppose -5*d - 10 = -4*y, -2*d + 19 + 0 = r*y. Let u(l) = 2 + 1 + 3*l - y. What is u(3)?
7
Let l(h) be the third derivative of -h**5/60 + h**4/4 + h**3/6 + 9*h**2 - 5. Let g(z) = 0*z**2 + 6 - 3 + 2 - z**2 - 6*z. Let v be g(-6). Give l(v).
6
Let i(z) be the first derivative of z**3 + 3*z**2/2 + 2*z - 285. Determine i(4).
62
Let l(h) = 7*h + 89. Let r(j) = -10*j - 131. Let b(s) = 7*l(s) + 5*r(s). What is b(-24)?
-8
Let r(j) be the first derivative of -j**6/360 - j**5/24 - 5*j**4/24 - 10*j**3/3 + 17. Let u(l) be the third derivative of r(l). Determine u(-5).
-5
Let k(h) be the second derivative of h**8/6720 - h**7/420 - h**6/144 - 7*h**5/120 - h**4/2 + 13*h. Let p(o) be the third derivative of k(o). Determine p(7).
7
Let t = -786 + 775. Let m(q) = -q**2 - 11*q - 3. Give m(t).
-3
Let l be 6/8*(1 + 3). Let w(n) = n - 3 + l. Give w(-1).
-1
Let h(s) = -s**2 + 9*s - 4. Suppose -4*r - 2*g = -20 - 2, 0 = 5*r - 2*g - 50. Calculate h(r).
4
Let c(g) = -2*g + 11. Let i = 569 + -559. Determine c(i).
-9
Let g be (-328)/(-123)*6/4. Let q(c) = -c**2 - 6*c - 2. Let i be q(-5). Let a(j) = 6*j**2 - i*j**2 - 3*j - j**3 - 3 + 6*j + 0*j. Give a(g).
-7
Let d(a) = 4 - 1 + 2*a - 1. Let l = 35 + -32. Suppose -2*q - 4 = i, 0 = l*i + 4*q + 8 + 4. Calculate d(i).
-6
Let u(b) = b + 2. Suppose -100 = 21*m - m. Determine u(m).
-3
Let f(c) = -3*c + 2. Let n(p) = -3*p + 3. Let w(h) = h - 1. Let b(q) = -n(q) - 4*w(q). Let j(g) = -7*b(g) + 2*f(g). Calculate j(-4).
-7
Let h be (-4*44/(-8))/2. Suppose -i = -5*y + 15, -i + 2 = -2*y + h. Let t(n) = 3 + 9*n + 1 - 1 - y. Give t(-1).
-8
Let p(i) = 3*i. Let t(s) = 14*s - 1. Let c(n) = 5*p(n) - t(n). Determine c(-3).
-2
Suppose t + 5*t = -132. Let i = -16 - t. Let m be 9/i - (-1)/(-2). Let c(h) = 3*h. What is c(m)?
3
Let p(u) be the third derivative of 0 + 1/3*u**3 + 0*u**4 + 0*u - 1/30*u**5 + 3*u**2. Suppose 3*x + 2 = 4*g, -g - 3*x + 7 + 1 = 0. What is p(g)?
-6
Let v(i) = i + 1. Suppose -6*m + 11 + 7 = 0. Give v(m).
4
Let v be (((-24)/15)/1 - -2)*5. Let f be (0 - v)*(-99)/(-66). Let g(t) = t**3 + 4*t**2 + t - 3. What is g(f)?
3
Let s(d) = -3*d**3 + 16*d**2 - 12*d + 6. Let i(c) = c**3 - 2*c**2 + c. Let v(f) = -2*i(f) - s(f). Give v(11).
-17
Let g(p) = -10*p**3 + 34*p**2 - 14*p - 34. Let k(j) = -7*j**3 + 23*j**2 - 9*j - 23. Let d(v) = 5*g(v) - 7*k(v). Let c be (-3312)/(-408) - 2/17. What is d(c)?
-1
Let f be 4 - (5 + -1 + -1). Let h = -4 - -6. Let j(a) = -a**2 - a + h*a**2 + 0*a**3 - 6*a**3. Calculate j(f).
-6
Suppose 0 = -5*x + 3*x + 8. Suppose 2 = l + x. Let k(q) = -q + 2. Calculate k(l).
4
Let s(f) = -5*f + 23 + 7*f + 9*f - 2. What is s(-2)?
-1
Let t(m) = 5*m**2 + 4*m - 9. Let c(i) = 4*i**2 + 3*i - 8. Let p(q) = q + 2. Let h be p(-8). Let w(f) = h*c(f) + 5*t(f). What is w(3)?
18
Let v(w) be the third derivative of -23*w**4/24 - w**3/6 - 2*w**2. Let z(c) = -c**3 - 3*c**2 - 17. Let i be z(-4). What is v(i)?
22
Let s = 34 - 14. Let x = s + -17. Let b be (-2 - -1)*x - -6. Let o(d) = d**2 - 6*d + 3. Give o(b).
-6
Let v(b) = b**2 - 6*b - 6. Let p(x) = 10*x - 23. Let r be p(3). Determine v(r).
1
Let t(o) = -13*o + 31 + 31 + o**2 - 38. Calculate t(11).
2
Let t(h) = -6*h + 1 + 5 - 3*h + 2 + h**2. Suppose 0 = -7*u + 49. Determine t(u).
-6
Suppose 4*c = 2*c + 106. Suppose 0 = c*r - 50*r + 24. Let b(n) = -n**3 - 9*n**2 - 11*n - 8. What is b(r)?
16
Let f(j) = 8*j - 6. Let v(t) = -20*t + 16. Let o(x) = -12*f(x) - 5*v(x). Determine o(4).
8
Let i(r) = -2*r + 7. Suppose 20 = -4*y + l - 26, -56 = 4*y + 4*l. Let g be ((-18)/y)/(9/30). Give i(g).
-3
Let y = 74 - 79. Let v(x) = x**2 + 7*x + 5. What is v(y)?
-5
Suppose 2*s + 5 = 3*z - 0, 45 = 5*z + 4*s. Suppose -2*x - 14 = -z*y, 0*x + 2*y = -x + 2. Let j(u) = 3*u - 1. Calculate j(x).
-7
Suppose -3*k = -3*n + 8*n - 21, -4*k = -n - 5. Let d(l) = -5*l**2 - 4. Determine d(n).
-49
Let b(u) be the third derivative of -u**4/24 + 2*u**3/3 + 40*u**2 + 1. Calculate b(4).
0
Let c(l) = -l - 1. Let f(o) = 4*o + 3. Let j(w) = -w**3 - 4*w**2 + 3*w - 7. Let h be j(-5). Let i(n) = h*c(n) + f(n). Calculate i(4).
4
Suppose -2*y - 5 = -7*y. Suppose -5 = -w - 2. Let s(q) = q + 6*q + 0*q - 1 - w*q. Give s(y).
3
Let b(k) = 16*k**2 - 30*k**2 - 6 - 5*k + 0 + 15*k**2 + 0. Calculate b(6).
0
Let a(u) be the first derivative of u**3/2 - 2*u**2 - 36*u + 11. Let x(r) be the first derivative of a(r). Suppose -n = -3*n + 10. Determine x(n).
11
Let y(r) = r - 8 + 1 + 0 + 2*r. Let s be y(6). Let g(j) = 5*j**2 - 40*j + 16. Let q(b) = -b**2 + 8*b - 3. Let o(u) = s*q(u) + 2*g(u). Determine o(7).
6
Let c(w) = -14*w + 23. Let f(i) = -46*i + 69. Let v(l) = -7*c(l) + 2*f(l). What is v(4)?
1
Suppose 0 = 3*f - 5*m - 21, 3*f = f + 5*m + 14. Suppose 3*g + 4 = f*g. Let c(r) = -10*r**2 - 2*r + 1. What is c(g)?
-11
Let m = -840 + 845. Let h(i) = -i + 12. Calculate h(m).
7
Let j(v) be the second derivative of v**4/24 + v**3/6 - v**2/2 - v. Let a(o) be the first derivative of j(o). Let t be (-108)/24 - 6/4. Give a(t).
-5
Let d(c) = c - 1. Let s(i) = -4*i - 2. Let l(t) = -3*d(t) - s(t). Let n = -202 - -202. Determine l(n).
5
Let h(l) be the third derivative of -l**6/120 + 17*l**5/60 + l**4/24 - 5*l**3/2 + 3*l**2 - 13*l. Calculate h(17).
2
Let i(f) be the third derivative of -f**5/12 + f**4/6 - f**3/3 - 2*f**2. Let m be 2/(-8) + 11/(-4). Let k be (-21)/(-15) + m/(-5). Calculate i(k).
-14
Let a(o) = o**3 + 16*o**2 + 15*o + 5. Let d be a(-15). Let r(t) = -t**2 + 3*t + 4. Calculate r(d).
-6
Let b(h) = -9 - 4 - 344*h**2 + 345*h**2. Determine b(0).
-13
Let x(w) = -7*w**2 - 2*w. Let o(r) = -4*r**2 - r. Let d(c) = -5*o(c) + 3*x(c). Give d(-4).
-12
Let k(h) = h**3 + 23*h**2 - 25*h - 30. Let n be k(-24). Let x(p) = -p**2 + 2*p. Determine x(n).
-48
Let g(l) = 6*l + 3*l**2 - 11*l**2 + 7*l**2 + 3. Let m(w) = -w**2 + 6*w + 4. Let h(c) = 6*g(c) - 7*m(c). Determine h(7).
-3
Let t(c) be the first derivative of c**4/4 + 4*c**3/3 + c**2 - 2*c + 1. Let p = 2225 + -2227. What is t(p)?
2
Let g(q) = 3*q - 1. Let b(u) = -20*u - 8. Let p(i) = b(i) + 6*g(i). Determine p(-6).
-2
Suppose -h - 3*x - 106 = 0, -3*h - 334 = 2*x + 3*x. Let c = h - -116. Let s(g) = 5*g + 2. Calculate s(c).
-8
Let i(j) = 6*j + 23 - 27 + 12 + j**3 - 9*j**2. Determine i(8).
-8
Let j(g) = -5*g**3 + g**2 - g - 1. Suppose -4*i + p = 8, -i + 4*i - 13 = -4*p. What is j(i)?
6
Let r(b) be the second derivative of b**4/12 + 7*b**3/6 - 3*b**2 + 4*b. Let a be 15/(-1) - (-4)/4. Let v be (12/(-24))/((-1)/a). Calculate r(v).
-6
Let k(u) = 7*u**2 - 4*u + 7. Suppose 27 = 5*n + 4*z, 2*n - 6*n = -5*z + 3. What is k(n)?
58
Let g(x) = -x**2 + 39*x + 258. Let t be g(-6). Let u(q) = -q**2 - 16*q - 54. Calculate u(t).
-6
Let u(g) = g**3 + 4*g**2 + 2*g + 2. Let k = -47 + 57. Suppose 14*c = k*c - 16. What is u(c)?
-6
Let a = 30 - 32. Let y(l) = 4*l**2 - 2. Let s(x) = -3*x**2 - x + 1. Let o(m) = a*y(m) - 3*s(m). What is o(-2)